{"id":187,"date":"2017-03-06T18:17:38","date_gmt":"2017-03-06T18:17:38","guid":{"rendered":"http:\/\/2017.sv-oberopfingen.de\/?page_id=187"},"modified":"2026-03-30T21:20:51","modified_gmt":"2026-03-30T21:20:51","slug":"impressum","status":"publish","type":"page","link":"https:\/\/sv-oberopfingen.de\/?page_id=187","title":{"rendered":"Impressum"},"content":{"rendered":"<p><strong>Anbieter:<\/strong><br \/>\nSch\u00fctzenverein Illertal Oberopfingen e.V.<br \/>\nAlter Weg 1<br \/>\nD-88457 Kirchdorf an der Iller \u2013 Oberopfingen<\/p>\n<p><strong>Registergericht: <\/strong>Amtsgericht Ulm<br \/>\n<strong>Registernummer:<\/strong> 640208<\/p>\n<p><strong>Kontakt:<\/strong><br \/>\nNadine Bayer<br \/>\n1. Sch\u00fctzenmeisterin<br \/>\nPanoramastra\u00dfe 10<br \/>\n88453 Erolzheim<br \/>\nTel.: 0160 1783243<br \/>\nnadine.bayer@sv-oberopfingen.de<\/p>\n<p><strong>Webmaster<\/strong><br \/>\nRafael Harrer<br \/>\ninfo@sv-oberopfingen.de<\/p>\n<p><strong>Haftungsausschluss:<\/strong><br \/>\n<strong>Haftung f\u00fcr Inhalte<\/strong><\/p>\n<p>Die Inhalte unserer Seiten wurden mit gr\u00f6\u00dfter Sorgfalt erstellt. F\u00fcr die Richtigkeit, Vollst\u00e4ndigkeit und Aktualit\u00e4t der Inhalte k\u00f6nnen wir jedoch keine Gew\u00e4hr \u00fcbernehmen. Als Diensteanbieter sind wir gem\u00e4\u00df \u00a7 7 Abs.1 TMG f\u00fcr eigene Inhalte auf diesen Seiten nach den allgemeinen Gesetzen verantwortlich. Bei Bekanntwerden von entsprechenden Rechtsverletzungen werden wir diese Inhalte umgehend entfernen.<\/p>\n<p>Unsere Webseite enth\u00e4lt Links zu externen Webseiten Dritter. Auf deren Inhalte haben wir keinen Einfluss und somit \u00fcbernehmen wir auch keine Gew\u00e4hr f\u00fcr Inhalte externer Webseiten. F\u00fcr die Inhalte der verlinkten Webseite ist der jeweilige Anbieter bzw. Betreiber der Webseite verantwortlich. Die verlinkten Webseiten wurden zum Zeitpunkt der Verlinkung auf m\u00f6gliche Rechtsverst\u00f6\u00dfe \u00fcberpr\u00fcft. Zum Zeitpunkt der Verlinkung waren keine rechtswidrigen Inhalte erkennbar.<\/p>\n<p><strong>Urheberrecht<\/strong><\/p>\n<p>Die durch die Seitenbetreiber erstellten Inhalte und Werke auf diesen Seiten unterliegen dem deutschen Urheberrecht. Die Vervielf\u00e4ltigung, Bearbeitung, Verbreitung und jede Art der Verwertung au\u00dferhalb der Grenzen des Urheberrechtes bed\u00fcrfen der schriftlichen Zustimmung des jeweiligen Autors bzw. Erstellers. Downloads und Kopien dieser Seite sind nur f\u00fcr den privaten, nicht kommerziellen Gebrauch gestattet. Soweit die Inhalte auf dieser Seite nicht vom Betreiber erstellt wurden, werden die Urheberrechte Dritter beachtet. Insbesondere werden Inhalte Dritter als solche gekennzeichnet. Sollten Sie trotzdem auf eine Urheberrechtsverletzung aufmerksam werden, bitten wir um einen entsprechenden Hinweis. Bei Bekanntwerden von Rechtsverletzungen werden wir derartige Inhalte umgehend entfernen.<\/p>\n<p><strong>Datenschutz<\/strong><\/p>\n<p>Wir verweisen auf unsere <a href=\"https:\/\/sv-oberopfingen.de\/?page_id=3020\">Datenschutzerkl\u00e4rung<\/a>.<\/p>\n<p>Der Nutzung von im Rahmen der Impressumspflicht ver\u00f6ffentlichten Kontaktdaten durch Dritte zur \u00dcbersendung von nicht ausdr\u00fccklich angeforderter Werbung und Informationsmaterialien wird hiermit ausdr\u00fccklich widersprochen. Die Betreiber der Seiten behalten sich ausdr\u00fccklich rechtliche Schritte im Falle der unverlangten Zusendung von Werbeinformationen, etwa durch Spam-Mails, vor.<\/p>\n","protected":false},"excerpt":{"rendered":"<p>Anbieter: Sch\u00fctzenverein Illertal Oberopfingen e.V. Alter Weg 1 D-88457 Kirchdorf an der Iller \u2013 Oberopfingen Registergericht: Amtsgericht Ulm Registernummer: 640208 Kontakt: Nadine Bayer 1. Sch\u00fctzenmeisterin Panoramastra\u00dfe 10 88453 Erolzheim Tel.:\u2026<\/p>\n<p> <a class=\"continue-reading-link\" href=\"https:\/\/sv-oberopfingen.de\/?page_id=187\"><span>weiterlesen &#8230;<\/span><i class=\"crycon-right-dir\"><\/i><\/a> <\/p>\n","protected":false},"author":1,"featured_media":0,"parent":0,"menu_order":0,"comment_status":"closed","ping_status":"closed","template":"","meta":{"ngg_post_thumbnail":0,"jetpack_post_was_ever_published":false,"footnotes":""},"class_list":["post-187","page","type-page","status-publish","hentry"],"jetpack_sharing_enabled":true,"jetpack_shortlink":"https:\/\/wp.me\/P8tdTm-31","jetpack-related-posts":[],"_links":{"self":[{"href":"https:\/\/sv-oberopfingen.de\/index.php?rest_route=\/wp\/v2\/pages\/187","targetHints":{"allow":["GET"]}}],"collection":[{"href":"https:\/\/sv-oberopfingen.de\/index.php?rest_route=\/wp\/v2\/pages"}],"about":[{"href":"https:\/\/sv-oberopfingen.de\/index.php?rest_route=\/wp\/v2\/types\/page"}],"author":[{"embeddable":true,"href":"https:\/\/sv-oberopfingen.de\/index.php?rest_route=\/wp\/v2\/users\/1"}],"replies":[{"embeddable":true,"href":"https:\/\/sv-oberopfingen.de\/index.php?rest_route=%2Fwp%2Fv2%2Fcomments&post=187"}],"version-history":[{"count":10,"href":"https:\/\/sv-oberopfingen.de\/index.php?rest_route=\/wp\/v2\/pages\/187\/revisions"}],"predecessor-version":[{"id":7239,"href":"https:\/\/sv-oberopfingen.de\/index.php?rest_route=\/wp\/v2\/pages\/187\/revisions\/7239"}],"wp:attachment":[{"href":"https:\/\/sv-oberopfingen.de\/index.php?rest_route=%2Fwp%2Fv2%2Fmedia&parent=187"}],"curies":[{"name":"wp","href":"https:\/\/api.w.org\/{rel}","templated":true}]}}